7666?
8
What is the hundred millions digit of 129262332?
1
What is the ten millions digit of 246884840?
4
What is the ten thousands digit of 1903584999?
8
What is the billions digit of 6170379828?
6
What is the hundreds digit of 10377953?
9
What is the hundreds digit of 3739093460?
4
What is the ten thousands digit of 1080010142?
1
What is the hundred thousands digit of 183516072?
5
What is the tens digit of 132070433?
3
What is the thousands digit of 70481081?
1
What is the hundreds digit of 98189851?
8
What is the ten thousands digit of 38068936?
6
What is the hundred millions digit of 128628567?
1
What is the thousands digit of 15806120?
6
What is the ten thousands digit of 614812570?
1
What is the thousands digit of 45586166?
6
What is the hundred thousands digit of 4657255739?
2
What is the hundred millions digit of 113996913?
1
What is the millions digit of 35289316?
5
What is the thousands digit of 234196997?
6
What is the tens digit of 16439407?
0
What is the millions digit of 528996330?
8
What is the ten thousands digit of 1282818021?
1
What is the tens digit of 110299039?
3
What is the units digit of 893826868?
8
What is the hundred thousands digit of 475064174?
0
What is the hundred thousands digit of 708136110?
1
What is the hundred thousands digit of 626205431?
2
What is the tens digit of 93522224?
2
What is the hundreds digit of 6252018296?
2
What is the tens digit of 1046650818?
1
What is the millions digit of 1155184038?
5
What is the hundreds digit of 10433381?
3
What is the units digit of 177630238?
8
What is the millions digit of 1550095404?
0
What is the units digit of 78141645?
5
What is the units digit of 1115618567?
7
What is the thousands digit of 5552127950?
7
What is the units digit of 171660911?
1
What is the ten thousands digit of 22619531?
1
What is the hundred millions digit of 297131805?
2
What is the units digit of 95719383?
3
What is the thousands digit of 936526747?
6
What is the units digit of 5171190?
0
What is the units digit of 2360914453?
3
What is the hundred thousands digit of 36782783?
7
What is the ten thousands digit of 1697248160?
4
What is the units digit of 201460322?
2
What is the units digit of 4148406?
6
What is the tens digit of 13747168?
6
What is the hundred millions digit of 470490030?
4
What is the ten millions digit of 62238636?
6
What is the thousands digit of 797923974?
3
What is the hundred thousands digit of 111752668?
7
What is the hundred thousands digit of 310300924?
3
What is the millions digit of 407051258?
7
What is the hundred millions digit of 448319783?
4
What is the thousands digit of 267809658?
9
What is the hundred thousands digit of 5052513081?
5
What is the hundreds digit of 4796611?
6
What is the ten thousands digit of 35201436?
0
What is the ten thousands digit of 5047097?
4
What is the hundred thousands digit of 22579710?
5
What is the hundred thousands digit of 262721153?
7
What is the units digit of 239774676?
6
What is the hundred millions digit of 984300203?
9
What is the ten millions digit of 43321187?
4
What is the hundreds digit of 61471533?
5
What is the millions digit of 213623517?
3
What is the hundred millions digit of 3936651308?
9
What is the hundred millions digit of 579046577?
5
What is the hundreds digit of 11473338?
3
What is the units digit of 334228170?
0
What is the thousands digit of 37356428?
6
What is the hundreds digit of 189245609?
6
What is the hundred millions digit of 2026121623?
0
What is the millions digit of 477516173?
7
What is the millions digit of 621630203?
1
What is the ten thousands digit of 1911047923?
4
What is the ten millions digit of 42532381?
4
What is the hundred millions digit of 1206884407?
2
What is the hundreds digit of 211259196?
1
What is the ten millions digit of 1500196327?
0
What is the hundreds digit of 28429237?
2
What is the units digit of 33568831?
1
What is the ten thousands digit of 1531612515?
1
What is the hundreds digit of 1467966?
9
What is the hundred thousands digit of 10787968?
7
What is the ten millions digit of 581489704?
8
What is the tens digit of 102334475?
7
What is the thousands digit of 333724459?
4
What is the ten thousands digit of 479847642?
4
What is the millions digit of 550783380?
0
What is the tens digit of 234501409?
0
What is the hundred millions digit of 196276742?
1
What is the thousands digit of 585823224?
3
What is the tens digit of 288256699?
9
What is the thousands digit of 2728611771?
1
What is the ten thousands digit of 20350386?
5
What is the hundred millions digit of 564751132?
5
What is the hundreds digit of 2384199541?
5
What is the units digit of 51846278?
8
What is the tens digit of 698113054?
5
What is the ten thousands digit of 2965496319?
9
What is the millions digit of 150879185?
0
What is the ten millions digit of 258241071?
5
What is the ten thousands digit of 97258414?
5
What is the millions digit of 410484976?
0
What is the hundred thousands digit of 117395658?
3
What is the units digit of 81829711?
1
What is the ten thousands digit of 478934626?
3
What is the thousands digit of 71739899?
9
What is the billions digit of 2338294531?
2
What is the hundred thousands digit of 230291436?
2
What is the millions digit of 565752556?
5
What is the hundred millions digit of 5419124165?
4
What is the ten thousands digit of 165183427?
8
What is the ten millions digit of 2645589779?
4
What is the hundred millions digit of 702728230?
7
What is the millions digit of 124324873?
4
What is the millions digit of 50485290?
0
What is the millions digit of 535116041?
5
What is the millions digit of 1892681006?
2
What is the hundreds digit of 1439263829?
8
What is the millions digit of 43076166?
3
What is the hundreds digit of 112384763?
7
What is the hundreds digit of 125683906?
9
What is the hundred thousands digit of 3553393263?
3
What is the millions digit of 43844248?
3
What is the thousands digit of 20754084?
4
What is the ten thousands digit of 67393775?
9
What is the millions digit of 785376152?
5
What is the ten millions digit of 1008134845?
0
What is the tens digit of 1075780457?
5
What is the ten thousands digit of 723023068?
2
What is the hundreds digit of 12658106?
1
What is the hundred millions digit of 434247417?
4
What is the ten thousands digit of 254002370?
0
What is the billions digit of 4520318481?
4
What is the hundred thousands digit of 828262693?
2
What is the ten thousands digit of 46607262?
0
What is the thousands digit of 1900282056?
2
What is the ten millions digit of 21153211?
2
What is the ten millions digit of 63756879?
6
What is the millions digit of 19672122?
9
What is the hundred thousands digit of 107496953?
4
What is the billions digit of 1537031458?
1
What is the hundred millions digit of 217346466?
2
What is the tens digit of 7183191?
9
What is the ten millions digit of 197816204?
9
What is the hundred millions digit of 249390899?
2
What is the hundred millions digit of 232168217?
2
What is the hundreds digit of 224603962?
9
What is the thousands digit of 49202475?
2
What is the ten millions digit of 324678919?
2
What is the units digit of 20127532?
2
What is the hundred thousands digit of 84905635?
9
What is the hundred thousands digit of 1112756015?
7
What is the hundreds digit of 44592245?
2
What is the hundred thousands digit of 235096141?
0
What is the ten millions digit of 427188832?
2
What is the ten millions digit of 102191089?
0
What is the ten thousands digit of 2156283930?
8
What is the thousands digit of 316058692?
8
What is the thousands digit of 6243380?
3
What is the hundreds digit of 1733329105?
1
What is the hundreds digit of 66747002?
0
What is the hundred millions digit of 458803352?
4
What is the hundreds digit of 169777605?
6
What is the hundred thousands digit of 83085586?
0
What is the millions digit of 52961027?
2
What is the units digit of 137212172?
2
What is the hundred thousands digit of 933427832?
4
What is the millions digit of 187623031?
7
What is the thousands digit of 102713414?
3
What is the hundred thousands digit of 80891857?
8
What is the hundreds digit of 26564981?
9
What is the hundred millions digit of 242713855?
2
What is the tens digit of 70284561?
6
What is the tens digit of 205955937?
3
What is the ten 